rs of 8758?
2, 29, 151
What are the prime factors of 3597?
3, 11, 109
What are the prime factors of 1167?
3, 389
What are the prime factors of 1269?
3, 47
What are the prime factors of 11383?
11383
What are the prime factors of 146195?
5, 7, 4177
List the prime factors of 462.
2, 3, 7, 11
List the prime factors of 7053.
3, 2351
List the prime factors of 587.
587
List the prime factors of 51289.
7, 17, 431
List the prime factors of 893.
19, 47
What are the prime factors of 524?
2, 131
List the prime factors of 2288.
2, 11, 13
What are the prime factors of 689?
13, 53
What are the prime factors of 12643?
47, 269
What are the prime factors of 7110?
2, 3, 5, 79
List the prime factors of 4385.
5, 877
List the prime factors of 4614.
2, 3, 769
What are the prime factors of 466?
2, 233
What are the prime factors of 1818?
2, 3, 101
List the prime factors of 9319.
9319
What are the prime factors of 106?
2, 53
What are the prime factors of 1695?
3, 5, 113
List the prime factors of 4885.
5, 977
List the prime factors of 12593.
7, 257
List the prime factors of 32.
2
What are the prime factors of 28113?
3, 9371
What are the prime factors of 7943?
13, 47
What are the prime factors of 364?
2, 7, 13
What are the prime factors of 5979?
3, 1993
What are the prime factors of 3103?
29, 107
What are the prime factors of 1714?
2, 857
What are the prime factors of 6237?
3, 7, 11
What are the prime factors of 933?
3, 311
What are the prime factors of 794?
2, 397
List the prime factors of 250.
2, 5
List the prime factors of 17429.
29, 601
List the prime factors of 6294.
2, 3, 1049
List the prime factors of 1208.
2, 151
List the prime factors of 4825.
5, 193
List the prime factors of 719.
719
What are the prime factors of 8437?
11, 13, 59
What are the prime factors of 65477?
41, 1597
What are the prime factors of 16928?
2, 23
What are the prime factors of 3300?
2, 3, 5, 11
List the prime factors of 38584.
2, 7, 13, 53
List the prime factors of 51030.
2, 3, 5, 7
What are the prime factors of 1440?
2, 3, 5
List the prime factors of 37583.
7, 13, 59
What are the prime factors of 1949?
1949
What are the prime factors of 43074?
2, 3, 2393
What are the prime factors of 17699?
11, 1609
What are the prime factors of 29?
29
What are the prime factors of 15114?
2, 3, 11, 229
List the prime factors of 126728.
2, 7, 31, 73
What are the prime factors of 48116?
2, 23, 523
What are the prime factors of 888?
2, 3, 37
What are the prime factors of 66769?
23, 2903
List the prime factors of 495.
3, 5, 11
List the prime factors of 258.
2, 3, 43
List the prime factors of 43975.
5, 1759
List the prime factors of 13590.
2, 3, 5, 151
List the prime factors of 78594.
2, 3, 13099
List the prime factors of 11540.
2, 5, 577
What are the prime factors of 6900?
2, 3, 5, 23
What are the prime factors of 70028?
2, 7, 41, 61
What are the prime factors of 1350?
2, 3, 5
What are the prime factors of 37078?
2, 18539
List the prime factors of 79091.
139, 569
What are the prime factors of 828?
2, 3, 23
List the prime factors of 10519.
67, 157
What are the prime factors of 950?
2, 5, 19
List the prime factors of 135757.
135757
List the prime factors of 67469.
19, 53, 67
List the prime factors of 52596.
2, 3, 487
What are the prime factors of 3639?
3, 1213
What are the prime factors of 56378?
2, 7, 4027
What are the prime factors of 1145?
5, 229
What are the prime factors of 7396?
2, 43
What are the prime factors of 6606?
2, 3, 367
List the prime factors of 3544.
2, 443
What are the prime factors of 1183?
7, 13
What are the prime factors of 81592?
2, 7, 31, 47
List the prime factors of 5612.
2, 23, 61
List the prime factors of 100264.
2, 83, 151
List the prime factors of 37295.
5, 7459
List the prime factors of 3680.
2, 5, 23
List the prime factors of 70530.
2, 3, 5, 2351
List the prime factors of 2680.
2, 5, 67
What are the prime factors of 11072?
2, 173
List the prime factors of 1168.
2, 73
List the prime factors of 6717.
3, 2239
What are the prime factors of 6054?
2, 3, 1009
What are the prime factors of 334?
2, 167
What are the prime factors of 587?
587
What are the prime factors of 36055?
5, 7211
List the prime factors of 34161.
3, 59, 193
List the prime factors of 5878.
2, 2939
List the prime factors of 72035.
5, 14407
List the prime factors of 18065.
5, 3613
What are the prime factors of 5572?
2, 7, 199
What are the prime factors of 2246?
2, 1123
What are the prime factors of 221?
13, 17
List the prime factors of 1223.
1223
List the prime factors of 96.
2, 3
What are the prime factors of 28771?
28771
List the prime factors of 904.
2, 113
List the prime factors of 2130.
2, 3, 5, 71
List the prime factors of 3199.
7, 457
What are the prime factors of 649?
11, 59
What are the prime factors of 595?
5, 7, 17
List the prime factors of 589.
19, 31
What are the prime factors of 363?
3, 11
What are the prime factors of 665?
5, 7, 19
What are the prime factors of 34369?
34369
List the prime factors of 1264.
2, 79
What are the prime factors of 100677?
3, 37, 907
List the prime factors of 863.
863
What are the prime factors of 43116?
2, 3, 3593
What are the prime factors of 57990?
2, 3, 5, 1933
What are the prime factors of 3397?
43, 79
List the prime factors of 497.
7, 71
List the prime factors of 61.
61
What are the prime factors of 18819?
3, 17, 41
What are the prime factors of 43894?
2, 17, 1291
What are the prime factors of 202?
2, 101
List the prime factors of 228.
2, 3, 19
List the prime factors of 1017.
3, 113
What are the prime factors of 20204?
2, 5051
List the prime factors of 43509.
3, 14503
List the prime factors of 1185.
3, 5, 79
What are the prime factors of 23514?
2, 3, 3919
What are the prime factors of 78660?
2, 3, 5, 19, 23
List the prime factors of 6142.
2, 37, 83
List the prime factors of 22331.
137, 163
What are the prime factors of 477?
3, 53
What are the prime factors of 50392?
2, 6299
What are the prime factors of 66639?
3, 97, 229
List the prime factors of 46974.
2, 3, 7829
List the prime factors of 332.
2, 83
List the prime factors of 213.
3, 71
What are the prime factors of 52247?
13, 4019
List the prime factors of 1505.
5, 7, 43
What are the prime factors of 1937?
13, 149
List the prime factors of 102.
2, 3, 17
List the prime factors of 419.
419
What are the prime factors of 14700?
2, 3, 5, 7
List the prime factors of 1264.
2, 79
List the prime factors of 2433.
3, 811
List the prime factors of 42098.
2, 7, 31, 97
What are the prime factors of 1008?
2, 3, 7
What are the prime factors of 31?
31
What are the prime factors of 171142?
2, 85571
What are the prime factors of 52220?
2, 5, 7, 373
List the prime factors of 5407.
5407
What are the prime factors of 3269?
7, 467
List the prime factors of 475.
5, 19
List the prime factors of 126776.
2, 13, 23, 53
What are the prime factors of 23692?
2, 5923
List the prime factors of 13012.
2, 3253
List the prime factors of 34542.
2, 3, 19, 101
What are the prime factors of 4710?
2, 3, 5, 157
List the prime factors of 73379.
73379
What are the prime factors of 262?
2, 131
List the prime factors of 10694.
2, 5347
What are the prime factors of 729?
3
List the prime factors of 2398.
2, 11, 109
What are the prime factors of 143769?
3, 17, 2819
What are the prime factors of 7698?
2, 3, 1283
What are the prime factors of 166653?
3, 18517
What are the prime factors of 9100?
2, 5, 7, 13
What are the prime factors of 2324?
2, 7, 83
What are the prime factors of 3435?
3, 5, 229
List the prime factors of 12866.
2, 7, 919
List the prime factors of 105642.
2, 3, 5869
List the prime factors of 341.
11, 31
What are the prime factors of 66288?
2, 3, 1381
List the prime factors of 4713.
3, 1571
What are the prime factors of 15502?
2, 23, 337
List the prime factors of 55063.
17, 41, 79
List the prime factors of 122300.
2, 5, 1223
List the prime factors of 18407.
79, 233
What are the prime factors of 21991?
21991
What are the prime factors of 695?
5, 139
List the prime factors of 4519.
4519
What are the prime factors of 589?
19, 31
List the prime factors of 4242.
2, 3, 7, 101
List the prime factors of 9941.
9941
List the prime factors of 1032.
2, 3, 43
List the prime factors of 36055.
5, 7211
List the prime factors of 87574.
2, 43787
List the prime factors of 821.